 - 1. Let w be j(6). Let o(q) = -q - 4 + 3 - 3*q + 0. Give o(w).
3
Let r be 1/1*(-7 + 7). Suppose 0 = -r*d + d - 4. Let n(l) = -l**3 + 6*l**2 - 5*l - 3. Give n(d).
9
Let m(b) = -3*b + 1. Let k(u) = 21*u - 6. Let q(x) = -4*k(x) - 27*m(x). Determine q(3).
-12
Let h(m) be the first derivative of m**3 - m**2/2 + 3. Give h(-1).
4
Let c(m) = 6*m - 3*m + 6*m. Let l(r) = -r**3 + 7*r**2 + 8*r + 2. Let w be l(8). Suppose 0 = q - s + 3, 17 = -3*q + 3*s + w*s. Give c(q).
9
Let n be 1 - -4 - (-2 - -3). Let u(t) be the second derivative of t**3/6 - 3*t**2/2 - 2*t. What is u(n)?
1
Let z(l) be the first derivative of l**3/3 - 5*l**2/2 + 2*l + 34. Give z(3).
-4
Let y = 20 - 20. Suppose 4*v - 3*u + 12 = y, 4*u + 16 = -3*v + 8*u. Let z(f) be the second derivative of f**4/12 - f**3/6 + 7*f**2/2 + f. What is z(v)?
7
Let q(m) = 4*m**3 + 2*m**2 - m. Suppose 0 = -3*t - 0 + 15, -i - 5*t + 21 = 0. Let v be -1*(3 - i/(-1)). What is q(v)?
5
Suppose -6*y = 3 + 21. Let c(k) = -2*k**2 - 5*k + 4. Calculate c(y).
-8
Let h(n) = 3*n - 5*n + 3*n - 4. Suppose 5*r = -5*w + 10, -2*w + 6*r - 2*r = -22. What is h(w)?
1
Let k(f) = -f**2 - 7*f - 3 - 1 + 0 + 2. Calculate k(-7).
-2
Let c(h) = -3*h - 7. Let w be c(-5). Suppose 3*v + 17 + 38 = -4*s, 2*v + 30 = -2*s. Let b = s + w. Let t(j) = -j**3 - j**2 + 2*j + 2. Give t(b).
2
Let r(c) = c**3 + 5*c**2 + c + 2. Suppose -5*a - v + 3*v = 31, 0 = -5*v + 15. Let q(s) = -s - 10. Let t be q(a). Determine r(t).
-3
Let v(l) be the third derivative of l**5/60 + 5*l**4/24 + l**3/6 + 5*l**2. Give v(-6).
7
Let s(j) be the third derivative of 0*j + 3*j**2 + 0 + 1/4*j**4 - 1/2*j**3. Calculate s(2).
9
Let w(j) = 8*j. Let i(o) = o**2 - 6*o + 7. Let u be i(3). Determine w(u).
-16
Let h = 4 - 3. Suppose -3*b + 5*i = 13, i - 7 = 2*b - 2*i. Let r(x) = -104*x**2 + 3 + 2*x + 101*x**2 - b. Determine r(h).
-2
Let t(a) = a**3 + 3*a**2 + 2*a - 1. Let f(x) = -11*x + 21. Let q(b) = 4 + 6 + 3*b - 8*b. Let p(i) = -3*f(i) + 7*q(i). Let j be p(5). Give t(j).
-7
Let o(z) = 3*z**2 - 4*z - 2. Let q(p) = 7*p**2 - 8*p - 4. Let f(j) = 5*o(j) - 2*q(j). Calculate f(3).
-5
Let p be -8*(-3)/(-1 - 2). Let k(v) = 2*v + 9. What is k(p)?
-7
Let b(u) = -u**3 + 4*u**2 + u - 4. Let f be b(4). Let p = 3 + f. Suppose -5*y = p*s + 7 + 1, 5 = -3*s - 2*y. Let t(m) = -3*m**3 + m. Calculate t(s).
2
Let r be 3 - ((-28)/(-6) + -2). Let x(s) be the first derivative of 0*s**2 + s + 1 + r*s**3. Calculate x(2).
5
Let y(u) = u - 7. Let h(z) = -3*z**3 + 18*z**2 + 2*z - 12. Let l be h(6). Determine y(l).
-7
Let b(n) be the third derivative of n**4/12 - 2*n**3/3 + 7*n**2. What is b(4)?
4
Let c = 10 + -6. Let g(l) = l - l**2 - 2*l + 6 + 0 + c. Calculate g(0).
10
Let l(o) = o + 11. Let p be l(-6). Let r = 0 - p. Let i(s) be the second derivative of -s**5/20 - s**4/3 + 7*s**3/6 + 7*s**2/2 - s. Calculate i(r).
-3
Let m(r) = -r**3 - r + 6. Suppose u + 3*u - 28 = 0. Suppose -4*q = -9*q. Suppose u*x - 2*x = q. Determine m(x).
6
Let o(m) = m**3 + 5*m**2 - m - 2. Suppose 24 = -5*w - 1. Calculate o(w).
3
Let r(v) = v**3 - 22*v**2 - 6. Let i be r(22). Let z(y) be the third derivative of -y**5/60 - y**4/4 - y**3/6 - y**2. What is z(i)?
-1
Let z(f) be the first derivative of -f**4/4 + f**3 + 2*f**2 - 4*f + 3. Let k(l) = -l**2 - 8*l - 2. Let a be k(-7). Let v be 3/6*(1 + a). Determine z(v).
8
Let t(d) = -2*d. Let w be t(-1). Let f(k) = 0*k - w*k + 2 - 3 + 5*k. Give f(-1).
-4
Let m(w) = 2*w - 7. Let q(h) = h - 6. Let d(v) = 5*m(v) - 6*q(v). Let c(x) = 8*x + 1. Let s(z) = 2*c(z) - 5*d(z). Determine s(-3).
9
Let m(r) = 2*r**3 - 3*r**2 - 4*r - 6. Let a(p) = p**3 + p**2 - 1. Let q(b) = -3*a(b) + m(b). Suppose 0*c - 2*c + 29 = -5*v, 4*v - 2*c = -24. Calculate q(v).
-8
Let v(h) be the first derivative of h**4/4 - 2*h**3 - 5*h**2 + 2*h - 39. Give v(7).
-19
Let d be 2/(-4)*(-3 - -13). Let j be 4/(-10) - 34/(-10). Let a(t) = 3*t**2 - j + 4 - 6*t - 4*t**2. Give a(d).
6
Let i(q) = q - 4. Suppose -9 = -2*z + 1. Let r be (-30)/(-8) + z/20. What is i(r)?
0
Let o(n) = n**3 - n**2 + 3. Let t be o(0). Let v(s) = 3*s**2 - 2*s - 4 - 2*s - 4*s**2 + 7*s. Give v(t).
-4
Let k(v) be the second derivative of -v**3/2 + v**2/2 + 22*v. Calculate k(-2).
7
Let i(n) = -n**3 - 4*n**2 - 5. Suppose 5*x + 17 = -3. Calculate i(x).
-5
Let t = 0 + 2. Let f(a) = -3 - 1 + 3*a**2 - 2*a - 3*a - 2*a**t. Give f(5).
-4
Let l be 2/1*1*3. Let z = l - 3. Let k(j) = -j**3 + 3*j**2 + j - 3. What is k(z)?
0
Suppose i - 34 = 5*c - 7, 0 = -4*i - 2*c - 2. Let t(v) = v**3 - v**2 - 4*v + 3. Give t(i).
-1
Let v = 2 + -2. Let a(m) = -m - 70 + 70. What is a(v)?
0
Suppose -3 - 33 = -4*n. Let i(v) = -8*v + 25. Let h(j) = 2*j - 6. Let w(m) = n*h(m) + 2*i(m). Give w(5).
6
Let n(i) = -i**2 - 7*i + 6*i - 1 + i. Let w be n(-2). Let u(r) = -r**2 + 5*r + 4. Let h(f) = -2*f**2 + 5*f + 5. Let j(q) = 2*h(q) - 3*u(q). Calculate j(w).
-2
Let z be (-44)/(-12) - (-4)/(-6). Suppose l + 0 - z = 0. Let b(s) = -s**2 + 8*s - 9*s - 1 + 4*s + 4*s. What is b(l)?
11
Let a be (6/(-4) + 2)*6. Let p(o) = 3*o - o - a*o - 4. What is p(-4)?
0
Suppose 4*v = -3 + 11. Let f(x) = 7*x**2 - 4*x - 13. Let m(s) = -3*s**2 + 2*s + 6. Let j(y) = v*f(y) + 5*m(y). What is j(3)?
1
Suppose -3*p - 27 = -4*q, -3*q + 2*q - p = 2. Let d(s) = s**q + 3*s**3 - 4 - s - 3*s**3 - 2*s**3. Give d(0).
-4
Let k(d) = -4*d**3 + 0 + 1 - 3*d + 3*d**3 - 5*d**2 - 2. Give k(-4).
-5
Let v(a) be the second derivative of -a**3/3 + 2*a**2 - 27*a. Suppose -3*w + 5*o = -18, w - 12 = -w + 3*o. Let h(k) = 2*k - 7. Let s be h(w). Give v(s).
-6
Let h(g) = g**3 - 5*g**2 + g. Let o be h(5). Let w(c) = -c. Let f be w(-3). Let r(v) = 2*v - 5*v**2 + 0*v**f + 0*v**3 - 2 + v**3. Determine r(o).
8
Let t(f) be the first derivative of f**2/2 + 12*f + 7. Let u(s) = s**2 - 1. Let x be u(1). What is t(x)?
12
Let f(u) be the second derivative of -u**3/6 + 2*u**2 - 5*u. Let g be (0 + -1)/(2/(-10)). Let i be 2/g*(-11 - -1). Calculate f(i).
8
Let f(a) = 3*a**2 + 0 - 5*a + 1 - 4*a**2. Suppose -v - 4*b - 12 = 0, 4*v + 31 = -5*b + 5. Give f(v).
5
Let q(l) = -7*l**2 - 2*l + 13. Let j(d) be the second derivative of 11/12*d**4 - 10*d**2 + 1/2*d**3 - 2*d + 0. Let b(x) = -5*j(x) - 8*q(x). Calculate b(-3).
2
Let u(n) be the second derivative of -n**5/20 - n**4/12 + 2*n**3/3 + n**2/2 + 17*n. What is u(-3)?
7
Let t(f) = -f**2 + 3*f + 8. Let b be t(5). Let y(l) = -7*l + 1. What is y(b)?
15
Let t(h) = h + 2. Suppose -3*z - 3 = -3*j, -5*z = -25 + 10. Let l(y) = 1 - j - y + 0. Let x be l(-5). Give t(x).
4
Let r(o) = -o**2 - 2. Let x be r(0). Let d(b) be the third derivative of -b**4/12 - b**3/3 + 6*b**2. Determine d(x).
2
Suppose 3*f + 0 = d + 6, 0 = -d + 4*f - 8. Let b(c) = -c - 1. What is b(d)?
-1
Suppose 2*l - 16 = -2*t, -l - l + 4*t + 16 = 0. Suppose -o - l = -3*o. Let y(u) = u**2 - 5*u + 2. Give y(o).
-2
Let z(w) = -w**3 - 5*w. Suppose 8 - 4 = 4*d. Let m(t) = t. Let o(p) = d*z(p) + 5*m(p). Let r = 3 + -2. What is o(r)?
-1
Let z(h) be the third derivative of -h**8/20160 + h**7/1008 + h**6/360 - h**5/10 + 2*h**2. Let k(v) be the third derivative of z(v). What is k(6)?
-4
Suppose 0*p + 25 = -5*p. Let c(l) = -l**3 + 2*l**2 + l. Let a be c(-1). Let o(d) = 0*d + a*d - 3*d. Calculate o(p).
5
Let n be ((-3)/(-9))/(1/21). Suppose 6*c = d + 3*c + 5, -4*c + n = -d. Let x(m) = m**2 - 2 - 1 + 5*m - d. Give x(-5).
-4
Let x(d) = 2*d - 1. Let o(k) = 8*k - 14. Let q(t) = o(t) - 5*x(t). Determine q(-6).
3
Let x(w) = 3 - 3*w - 1 - 2 - 2. Determine x(-2).
4
Let o(m) be the first derivative of -m**3/3 + 3*m**2 + 6*m - 14. Calculate o(7).
-1
Let k(i) be the second derivative of i**3/3 + i**2/2 + 2*i. Let v be k(-2). Let m(p) = -p**2 - 2*p - 1. What is m(v)?
-4
Let m(t) = -t**3 + 8*t**2 - 7*t + 2. Let k be m(7). Let b(h) = 2*h**3 - 4*h**2 + 2*h + 1. Let z be b(k). Let u(c) = c**3 - 5*c**2 - 1. Calculate u(z).
-1
Let f be 0 + 5 + 2 + -1. Suppose 0 = v - 0*v + 4*l + 3, -f = -5*v + l. Let s be 8/4 + (-2 - v). Let g(r) = -r**2 - 1. What is g(s)?
-2
Let x(c) = -c**3 + c**2 - 1. Let q = 7 + -12. Let i = 6 + q. Give x(i).
-1
Let q(c) = 2*c**2 + 3*c - 4. Let i = 6 + -9. Calculate q(i).
5
Let v(r) = 5*r**2 + 1. Let o(a) = 4*a**2 + 1. Let w(p) = -6*o(p) + 5*v(p). Let d(i) = i - 1. Let h be d(2). What is w(h)?
0
Let a(z) be the third derivative of -1/24*z**4 - 2*z**2 + 0 - 1/60*z**5 + 0*z - 1/2*z**3. Calcul